. Suppose -c*p = 2*m - 6*m + 148, -p = -3*m + 103. What are the prime factors of m?
3, 11
Suppose 1284 = 8*r - 1788. What are the prime factors of r?
2, 3
Suppose 2*v + 2*v + 928 = 0. Let b = v + 329. List the prime factors of b.
97
Let s(r) = 5*r - 6. Let w be s(3). Let t = w - 4. Suppose -u - 4*g = -7 - 4, -t*u - 5*g = -55. What are the prime factors of u?
11
Let u(w) = w**3 - 9*w**2 + w - 3. Let g be u(9). Suppose -3*h - g = 3*r - 3, -5*r + 3*h - 5 = 0. What are the prime factors of ((-9)/18)/(r/8)?
2
What are the prime factors of (-6)/27 - (189116/(-36) + -1)?
2, 37, 71
Suppose -2*u + 5 = -u. Suppose u*a + 14 = -61. List the prime factors of (-6)/a - (-218)/5.
2, 11
Suppose 5 = 5*z - q, -2*z = 5*q + 7 + 18. Suppose -n - u = -8, 25 = 4*n - z*u - 3*u. List the prime factors of n.
7
Suppose d + 14 = 5*x - 86, 2*x - 53 = 3*d. Let c be (-12)/114 - (-2)/x. Suppose c = -v - 3*j + 50, -4*v = 3*j - 77 - 87. List the prime factors of v.
2, 19
Let f = -4 - -6. Suppose f*j + i = 3*i + 418, 5*j - 2*i - 1054 = 0. List the prime factors of j.
2, 53
Let u = -132 - -389. Let y = 367 - u. List the prime factors of y.
2, 5, 11
Suppose 20 = 5*f - 5*g, -7 = -2*f - 0*g + g. Suppose f*m - 2*k + 5*k = 18, k - 3 = 0. Suppose 0*s + m*s = 12. What are the prime factors of s?
2
Let o(z) = 83*z**2 - 2*z - 2. What are the prime factors of o(-1)?
83
Let s = -23 + 27. Suppose 5*f - 181 = -2*q + 3, -s*q - 3*f = -382. What are the prime factors of q?
97
Let h(x) = 84*x + 11. Let s be h(6). Suppose 2*q + s = 7*q. Let m = -57 + q. List the prime factors of m.
2, 23
List the prime factors of (1617/22)/(36/96).
2, 7
Suppose 12*m - 45599 = -7547. List the prime factors of m.
3, 7, 151
Let w = 59 - 56. Suppose w*b - 55 = z, -2*z - 3*z = -b + 9. List the prime factors of b.
19
Suppose -60*c = -53*c - 5565. List the prime factors of c.
3, 5, 53
Let d be -3 + (-32)/(4 - 0). Let o(k) = k**3 + 11*k**2 + 4. Let r be o(d). Suppose 4*y + 108 = r*t, -4*t + 122 = 4*y - 2. List the prime factors of t.
29
Suppose -2*o + 5*a + 69 = -0*a, -5*a = 2*o - 59. Suppose 2*c = 5*c - 3. Let g = o + c. What are the prime factors of g?
3, 11
Suppose n + 3*s + 5 = 0, 4*s + 6 + 4 = 2*n. What are the prime factors of (9 - n)/(-2) + 32?
2, 7
Suppose 2*y - 3*p + 51 = 0, 4*y + 67 = -0*y - p. Let l be 2/(16/y)*-72. Suppose -6*v = -0*v - l. What are the prime factors of v?
3
Let c(m) = -m**3 - 5*m**2 - 3*m. Let q be c(-4). Let y(w) = -w**2 - 6*w - 1. Let t be y(q). Suppose 4*u - t = -23, 3*n = -5*u - 14. List the prime factors of n.
2
Let c(i) = -15*i + 16 + 7*i**2 + i**2 - 9*i**2. What are the prime factors of c(-11)?
2, 3, 5
Suppose -2*n + 314 + 832 = -4*m, 4*n + 3*m = 2237. What are the prime factors of n?
563
Let r(o) = o**2 - 5*o. Let x be r(-5). Suppose 0 = 5*g - x - 420. Suppose 0 = -3*d + 17 + g. List the prime factors of d.
37
Let x(t) = 5*t**2 - 29*t - 25. Let u(r) = 2*r**2 - 10*r - 8. Let f(g) = 8*u(g) - 3*x(g). Let j be f(-6). Suppose 210 = j*b - 5. What are the prime factors of b?
43
Suppose -2*y = 2*v - 328, -v + 9 = 5*y - 827. Suppose 4*b + 0*d - 310 = 3*d, -5*d + y = 2*b. List the prime factors of b.
79
Suppose -158*m = -157*m - 2938. What are the prime factors of m?
2, 13, 113
Let a(d) = 48*d - 101. What are the prime factors of a(14)?
571
Let u(n) = 2*n**2 - 7*n + 5. Let g be u(4). List the prime factors of (-9)/(-4 + 33/g).
3
Let b = -4000 - -5982. List the prime factors of b.
2, 991
Suppose -4*a + 23 = -0*a + 5*l, 3*a + l - 9 = 0. Suppose 0 = n + 3*u - 47, -78 = -a*n - 5*u + 12. What are the prime factors of n?
5, 7
Suppose 5*w - 425 = -4*i, -w - 538 = -5*i - 5*w. List the prime factors of i.
2, 5, 11
Suppose 0 = -r - 4*r + 405. Suppose 5*z - r = 209. What are the prime factors of z?
2, 29
Suppose -14*c = -16*c - 4. Suppose 0 = 4*y - 4*s + 10 - 50, s = -2*y + 32. What are the prime factors of y/c*4/(-14)?
2
Suppose 0 = 8*h - 587 + 179. What are the prime factors of h?
3, 17
Let v be (1 - -3)/(-1) + (345 - -46). Let k = -173 + v. List the prime factors of k.
2, 107
Let h = 202 - -40. List the prime factors of h.
2, 11
Let t(b) = b. Let o(c) = 45*c. Let m(l) = -o(l) + 54*t(l). Suppose -3*d + 0*d + 23 = -4*y, -5*d + 25 = -4*y. What are the prime factors of m(d)?
3
Let w = -102 - -336. What are the prime factors of w?
2, 3, 13
Let b = 26 + -25. Let r = 43 - b. List the prime factors of r.
2, 3, 7
List the prime factors of 4/10 - (5 + (-1548)/30).
47
Let r = 181 - 90. Let w = r - 11. List the prime factors of w.
2, 5
Let p(o) be the third derivative of -o**6/120 + o**5/12 + o**4/4 + 7*o**3/6 - 9*o**2. What are the prime factors of p(5)?
37
Let l(o) = -o + 2. Let n be l(2). Suppose z = t + 5, 0 = -2*z + 5*t - 0 + 7. List the prime factors of (n - z)*14/(-6).
2, 7
Let f(v) = -v**2 + 7*v + 16. Let r be f(7). Suppose -8*l + r = -4*l. List the prime factors of l.
2
Suppose 0 = 5*l - 2*l - 6. Suppose v - 4 = 0, 5*f - 99 = l*v + 118. What are the prime factors of f?
3, 5
Let h(f) = -6*f**3 + 7*f**2 - 31*f - 19. What are the prime factors of h(-7)?
23, 113
Let h be (-1 + -5)*3*(-3)/27. Suppose h*k = -4*o + 363 - 23, -2*o - 2*k = -168. What are the prime factors of o?
2, 43
Suppose -5*r + 2*r + 21 = 3*f, 4*f = 20. Suppose -3*h = r*a + 6, 4*a = 4*h - h + 24. Suppose -4*o - 2*l - 21 = -7*o, -5*l = a*o. List the prime factors of o.
5
What are the prime factors of 5 - 0 - (-616 + 3)?
2, 3, 103
Let f(s) = s**3 + 7*s + 2. What are the prime factors of f(9)?
2, 397
Suppose 5*s = 811 + 1484. List the prime factors of s.
3, 17
Let k = 2873 + -1574. What are the prime factors of k?
3, 433
List the prime factors of 68*(7 + 2) - 2.
2, 5, 61
Let u = -4 - -81. Let m = 21 + u. What are the prime factors of m?
2, 7
Suppose -3*b = -m + 232, -5*b = -2*b - 3. Suppose m = 4*q + q. What are the prime factors of q?
47
Suppose 2*u - 2553 = -3*u - 3*p, -3*u - 2*p = -1531. What are the prime factors of u?
3, 19
Suppose 3*a - 9 = 3*m, 0 = 2*a - a - 5*m + 1. Let v be 52 + (-1 - (-12)/a). Suppose 4*n - 284 = -5*y, n - v = -0*n + 3*y. List the prime factors of n.
2, 3, 11
Suppose -848 = -3*o + 826. What are the prime factors of o?
2, 3, 31
Suppose v - 267 = -4*s, 7*s + 1030 = 4*v + 4*s. List the prime factors of v.
7, 37
Let j(k) = 2*k**2 + 23*k + 22. Let y = 62 - 77. What are the prime factors of j(y)?
127
Let o(w) = -w**2 - 9*w - 10. Let q be o(-7). Suppose -13 - 24 = -4*x - 3*h, 0 = -q*x - 2*h + 38. List the prime factors of (-5)/((-12)/x + 1).
5
Suppose 0 = -2*j - 4*f + 216, -3*j + 0*f + 324 = -4*f. Let c = 153 - j. Suppose -c + 68 = k. What are the prime factors of k?
23
Let l(c) = c**3 + 5*c**2 - 4*c - 8. Let m be l(-6). Let v = m - -18. What are the prime factors of (-3 - v)/((-2)/34)?
17
Let o be 14/63 + 3434/18. Let k = -1 + o. List the prime factors of k.
2, 5, 19
Suppose 3*c = -j + 2190, c = 3*c - 6. What are the prime factors of j?
3, 727
Suppose -5*r + 19 = -3*z - 0*z, -2*r - z = -12. Let g(o) = -43*o - 4. Let x(n) = 86*n + 7. Let m(d) = r*g(d) + 3*x(d). List the prime factors of m(1).
2, 11
Suppose 10*p = 6*p - 3*b + 7549, 3*p - 4*b - 5693 = 0. What are the prime factors of p?
31, 61
Let s(h) = 3*h**2 + 6*h - 1. Let n be s(5). Suppose 208 = 4*u - 4*y, 5*u + 3*y - n = 116. What are the prime factors of u?
47
Let x(n) = n**3 + 7*n**2 - 10*n. Let w be x(-8). Suppose -4*l = -8*l + w. What are the prime factors of l?
2
What are the prime factors of 7 - (-6 + 11 - 354)?
2, 89
Let a(l) = l**2 - 30*l - 70. List the prime factors of a(-13).
3, 163
Let n = -2910 + 5914. List the prime factors of n.
2, 751
Let j(b) = -29*b - 6. Let s(x) = -86*x - 19. Let i(c) = 14*j(c) - 4*s(c). What are the prime factors of i(-2)?
2, 29
Let g be (-2)/3 - (-308)/66. What are the prime factors of (697/(-34))/((-2)/g)?
41
Let c be 2 + -1 - (3 - (2 + -3)). List the prime factors of 12/(-18)*98*c.
2, 7
Suppose h - 12 = 11. Let l = h + -23. Suppose l*v + 44 = v. List the prime factors of v.
2, 11
Suppose 31175 + 20488 = 51*d. List the prime factors of d.
1013
Suppose -22*s = 11829 - 37393. What are the prime factors of s?
2, 7, 83
Let h(w) = 134*w**2 + w + 1. What are the prime factors of h(-1)?
2, 67
Suppose -3*u + 33 = -5*d, 4*d = 5*u - 16 - 13. Let p(x) = x + 2. Let g be p(d). What are the prime factors of -2 + 4 - (g + -43)?
7
Suppose l - 39 +